{"id":18187,"date":"2014-12-03T16:01:42","date_gmt":"2014-12-03T05:01:42","guid":{"rendered":"http:\/\/www.horsemagazine.com\/thm\/?page_id=18187"},"modified":"2017-06-30T11:12:33","modified_gmt":"2017-06-30T01:12:33","slug":"burger-katrin","status":"publish","type":"page","link":"https:\/\/www.horsemagazine.com\/thm\/whos-who\/burger-katrin\/","title":{"rendered":"Burger, Katrin"},"content":{"rendered":"<p>Katrin grew up in T\u00fcbingen in South Germany. She studied at the university in Hohenheim (Baden-W\u00fcrttemberg) earning a degree in Agriculture. During this time she was an auction rider for the Baden Wuerttembuerg Verband, and Hubert Schulze R\u00fcckamp in Undingen.<\/p>\n<p>After finishing her studies, she started as the head at the newly\u00a0built Gest\u00fct Schloss\u00e4cker in Baden-W\u00fcrttemberg.\u00a0 Her job included management of the stud and the choice and\u00a0training of the stallions together with her partner Joachim Neubert. She was very successful with their stallions, Day Dream and Dornenkoenig in Grand Prix leading her to earning the German Gold Medal.<\/p>\n<p>Katrin was also responsible for chosing the top stallions, Sir Oldenburg and French Kiss for the stud when they were foals, and went on with them and other horses to be the champion of Baden-W\u00fcrttemberg in the young horse classes ten times and regional champion four times. With French Kiss she became the German Bundes &#8211; Champion and the World Champion of the six year old dressage horses in 2004 after having won the World Bronze medal in 2003 in the five year old dressage horse class. In 2013 she rode Danzarino OLD to the silver medal at the Bundeschampionat for 3 year old stallions and had wins in dressage up to Grand Prix with her own horse Salazar.<\/p>\n<p>Katrin was for nine\u00a0years\u00a0the Deputy Breeding Director of the Verband der Z\u00fcchter des Oldenburger Pferdes in Vechta, before taking up a position with the Merkt family working with their horses and their children. In February 2017, Katrin and her husband Joachin Neubert set up their own training centre.<\/p>\n","protected":false},"excerpt":{"rendered":"<p>Katrin grew up in T\u00fcbingen in South Germany. She studied at the university in Hohenheim (Baden-W\u00fcrttemberg) earning a degree in Agriculture. During this time she was an auction rider for the Baden Wuerttembuerg Verband, and Hubert Schulze R\u00fcckamp in Undingen. After finishing her studies, she started as the head at the newly\u00a0built Gest\u00fct Schloss\u00e4cker in [&hellip;]<\/p>\n","protected":false},"author":1,"featured_media":18188,"parent":14165,"menu_order":0,"comment_status":"closed","ping_status":"open","template":"","meta":{"_acf_changed":false,"nf_dc_page":"","_monsterinsights_skip_tracking":false,"_monsterinsights_sitenote_active":false,"_monsterinsights_sitenote_note":"","_monsterinsights_sitenote_category":0,"footnotes":""},"class_list":["post-18187","page","type-page","status-publish","has-post-thumbnail","hentry"],"acf":[],"post_mailing_queue_ids":[],"_links":{"self":[{"href":"https:\/\/www.horsemagazine.com\/thm\/wp-json\/wp\/v2\/pages\/18187","targetHints":{"allow":["GET"]}}],"collection":[{"href":"https:\/\/www.horsemagazine.com\/thm\/wp-json\/wp\/v2\/pages"}],"about":[{"href":"https:\/\/www.horsemagazine.com\/thm\/wp-json\/wp\/v2\/types\/page"}],"author":[{"embeddable":true,"href":"https:\/\/www.horsemagazine.com\/thm\/wp-json\/wp\/v2\/users\/1"}],"replies":[{"embeddable":true,"href":"https:\/\/www.horsemagazine.com\/thm\/wp-json\/wp\/v2\/comments?post=18187"}],"version-history":[{"count":3,"href":"https:\/\/www.horsemagazine.com\/thm\/wp-json\/wp\/v2\/pages\/18187\/revisions"}],"predecessor-version":[{"id":35751,"href":"https:\/\/www.horsemagazine.com\/thm\/wp-json\/wp\/v2\/pages\/18187\/revisions\/35751"}],"up":[{"embeddable":true,"href":"https:\/\/www.horsemagazine.com\/thm\/wp-json\/wp\/v2\/pages\/14165"}],"wp:featuredmedia":[{"embeddable":true,"href":"https:\/\/www.horsemagazine.com\/thm\/wp-json\/wp\/v2\/media\/18188"}],"wp:attachment":[{"href":"https:\/\/www.horsemagazine.com\/thm\/wp-json\/wp\/v2\/media?parent=18187"}],"curies":[{"name":"wp","href":"https:\/\/api.w.org\/{rel}","templated":true}]}}